{"id":496,"date":"2018-09-08T00:09:36","date_gmt":"2018-09-08T00:09:36","guid":{"rendered":"http:\/\/missoesgracaevida.com.br\/home\/?page_id=496"},"modified":"2018-09-09T20:04:12","modified_gmt":"2018-09-09T20:04:12","slug":"galeria","status":"publish","type":"page","link":"https:\/\/missoesgracaevida.com.br\/home\/?page_id=496","title":{"rendered":"GALERIA"},"content":{"rendered":"<h6>Agradecemos ao nosso irm\u00e3o Walison (<a href=\"https:\/\/www.facebook.com\/WJAPRODUCOES\" target=\"_blank\" rel=\"noopener\">https:\/\/www.facebook.com\/WJAPRODUCOES<\/a>) pelas fotos cedidas para a constru\u00e7\u00e3o desse site. Deus continue te aben\u00e7oando!<\/h6>\n<p>&nbsp;<\/p>\n<p>Medina &#8211; Mission\u00e1rios Daniel e Elda Nunes<\/p>\n<div class=\"rl-gallery-container rl-loading\" id=\"rl-gallery-container-1\" data-gallery_id=\"526\"> <div class=\"rl-gallery rl-basicgrid-gallery \" id=\"rl-gallery-1\" data-gallery_no=\"1\"> <div class=\"rl-gallery-item\"><a href=\"https:\/\/missoesgracaevida.com.br\/home\/wp-content\/uploads\/2018\/09\/medina_1.jpeg\" title=\"\" data-rl_title=\"\" class=\"rl-gallery-link\" data-rl_caption=\"\" data-rel=\"lightbox-gallery-1\"><img src=\"https:\/\/missoesgracaevida.com.br\/home\/wp-content\/uploads\/2018\/09\/medina_1-150x150.jpeg\" width=\"150\" height=\"150\" \/><\/a><\/div><div class=\"rl-gallery-item\"><a href=\"https:\/\/missoesgracaevida.com.br\/home\/wp-content\/uploads\/2018\/09\/medina_2.jpeg\" title=\"\" data-rl_title=\"\" class=\"rl-gallery-link\" data-rl_caption=\"\" data-rel=\"lightbox-gallery-1\"><img src=\"https:\/\/missoesgracaevida.com.br\/home\/wp-content\/uploads\/2018\/09\/medina_2-150x150.jpeg\" width=\"150\" height=\"150\" \/><\/a><\/div><div class=\"rl-gallery-item\"><a href=\"https:\/\/missoesgracaevida.com.br\/home\/wp-content\/uploads\/2018\/09\/medina_3.jpeg\" title=\"\" data-rl_title=\"\" class=\"rl-gallery-link\" data-rl_caption=\"\" data-rel=\"lightbox-gallery-1\"><img src=\"https:\/\/missoesgracaevida.com.br\/home\/wp-content\/uploads\/2018\/09\/medina_3-150x150.jpeg\" width=\"150\" height=\"150\" \/><\/a><\/div><div class=\"rl-gallery-item\"><a href=\"https:\/\/missoesgracaevida.com.br\/home\/wp-content\/uploads\/2018\/09\/medina_4.jpeg\" title=\"\" data-rl_title=\"\" class=\"rl-gallery-link\" data-rl_caption=\"\" data-rel=\"lightbox-gallery-1\"><img src=\"https:\/\/missoesgracaevida.com.br\/home\/wp-content\/uploads\/2018\/09\/medina_4-150x150.jpeg\" width=\"150\" height=\"150\" \/><\/a><\/div> <\/div> <\/div>\n<p>&nbsp;<\/p>\n<p>Viagem Mission\u00e1ria: Vale do Jequitinhonha &#8211; Agosto\/2018<\/p>\n<div class=\"rl-gallery-container rl-loading\" id=\"rl-gallery-container-2\" data-gallery_id=\"498\"> <div class=\"rl-gallery rl-basicgrid-gallery \" id=\"rl-gallery-2\" data-gallery_no=\"2\"> <div class=\"rl-gallery-item\"><a href=\"https:\/\/missoesgracaevida.com.br\/home\/wp-content\/uploads\/2018\/09\/WhatsApp-Image-2018-08-30-at-12.25.51.jpeg\" title=\"\" data-rl_title=\"\" class=\"rl-gallery-link\" data-rl_caption=\"\" data-rel=\"lightbox-gallery-2\"><img src=\"https:\/\/missoesgracaevida.com.br\/home\/wp-content\/uploads\/2018\/09\/WhatsApp-Image-2018-08-30-at-12.25.51-150x150.jpeg\" width=\"150\" height=\"150\" \/><\/a><\/div><div class=\"rl-gallery-item\"><a href=\"https:\/\/missoesgracaevida.com.br\/home\/wp-content\/uploads\/2018\/09\/WhatsApp-Image-2018-08-30-at-12.25.52-1.jpeg\" title=\"\" data-rl_title=\"\" class=\"rl-gallery-link\" data-rl_caption=\"\" data-rel=\"lightbox-gallery-2\"><img src=\"https:\/\/missoesgracaevida.com.br\/home\/wp-content\/uploads\/2018\/09\/WhatsApp-Image-2018-08-30-at-12.25.52-1-150x150.jpeg\" width=\"150\" height=\"150\" \/><\/a><\/div><div class=\"rl-gallery-item\"><a href=\"https:\/\/missoesgracaevida.com.br\/home\/wp-content\/uploads\/2018\/09\/WhatsApp-Image-2018-08-30-at-12.25.52.jpeg\" title=\"\" data-rl_title=\"\" class=\"rl-gallery-link\" data-rl_caption=\"\" data-rel=\"lightbox-gallery-2\"><img src=\"https:\/\/missoesgracaevida.com.br\/home\/wp-content\/uploads\/2018\/09\/WhatsApp-Image-2018-08-30-at-12.25.52-150x150.jpeg\" width=\"150\" height=\"150\" \/><\/a><\/div><div class=\"rl-gallery-item\"><a href=\"https:\/\/missoesgracaevida.com.br\/home\/wp-content\/uploads\/2018\/09\/WhatsApp-Image-2018-08-30-at-12.25.53-1.jpeg\" title=\"\" data-rl_title=\"\" class=\"rl-gallery-link\" data-rl_caption=\"\" data-rel=\"lightbox-gallery-2\"><img src=\"https:\/\/missoesgracaevida.com.br\/home\/wp-content\/uploads\/2018\/09\/WhatsApp-Image-2018-08-30-at-12.25.53-1-150x150.jpeg\" width=\"150\" height=\"150\" \/><\/a><\/div><div class=\"rl-gallery-item\"><a href=\"https:\/\/missoesgracaevida.com.br\/home\/wp-content\/uploads\/2018\/09\/WhatsApp-Image-2018-08-30-at-12.25.53.jpeg\" title=\"\" data-rl_title=\"\" class=\"rl-gallery-link\" data-rl_caption=\"\" data-rel=\"lightbox-gallery-2\"><img src=\"https:\/\/missoesgracaevida.com.br\/home\/wp-content\/uploads\/2018\/09\/WhatsApp-Image-2018-08-30-at-12.25.53-150x150.jpeg\" width=\"150\" height=\"150\" \/><\/a><\/div><div class=\"rl-gallery-item\"><a href=\"https:\/\/missoesgracaevida.com.br\/home\/wp-content\/uploads\/2018\/09\/WhatsApp-Image-2018-08-30-at-12.25.54-1.jpeg\" title=\"\" data-rl_title=\"\" class=\"rl-gallery-link\" data-rl_caption=\"\" data-rel=\"lightbox-gallery-2\"><img src=\"https:\/\/missoesgracaevida.com.br\/home\/wp-content\/uploads\/2018\/09\/WhatsApp-Image-2018-08-30-at-12.25.54-1-150x150.jpeg\" width=\"150\" height=\"150\" \/><\/a><\/div><div class=\"rl-gallery-item\"><a href=\"https:\/\/missoesgracaevida.com.br\/home\/wp-content\/uploads\/2018\/09\/WhatsApp-Image-2018-08-30-at-12.25.54-2.jpeg\" title=\"\" data-rl_title=\"\" class=\"rl-gallery-link\" data-rl_caption=\"\" data-rel=\"lightbox-gallery-2\"><img src=\"https:\/\/missoesgracaevida.com.br\/home\/wp-content\/uploads\/2018\/09\/WhatsApp-Image-2018-08-30-at-12.25.54-2-150x150.jpeg\" width=\"150\" height=\"150\" \/><\/a><\/div><div class=\"rl-gallery-item\"><a href=\"https:\/\/missoesgracaevida.com.br\/home\/wp-content\/uploads\/2018\/09\/WhatsApp-Image-2018-08-30-at-12.25.54.jpeg\" title=\"\" data-rl_title=\"\" class=\"rl-gallery-link\" data-rl_caption=\"\" data-rel=\"lightbox-gallery-2\"><img src=\"https:\/\/missoesgracaevida.com.br\/home\/wp-content\/uploads\/2018\/09\/WhatsApp-Image-2018-08-30-at-12.25.54-150x150.jpeg\" width=\"150\" height=\"150\" \/><\/a><\/div> <\/div> <\/div>\n","protected":false},"excerpt":{"rendered":"<p>Agradecemos ao nosso irm\u00e3o Walison (https:\/\/www.facebook.com\/WJAPRODUCOES) pelas fotos cedidas para a constru\u00e7\u00e3o desse site. Deus continue te aben\u00e7oando! &nbsp; Medina &#8211; Mission\u00e1rios Daniel e Elda Nunes &nbsp; Viagem Mission\u00e1ria: Vale&hellip;<\/p>\n","protected":false},"author":2,"featured_media":0,"parent":0,"menu_order":0,"comment_status":"closed","ping_status":"closed","template":"","meta":[],"_links":{"self":[{"href":"https:\/\/missoesgracaevida.com.br\/home\/index.php?rest_route=\/wp\/v2\/pages\/496"}],"collection":[{"href":"https:\/\/missoesgracaevida.com.br\/home\/index.php?rest_route=\/wp\/v2\/pages"}],"about":[{"href":"https:\/\/missoesgracaevida.com.br\/home\/index.php?rest_route=\/wp\/v2\/types\/page"}],"author":[{"embeddable":true,"href":"https:\/\/missoesgracaevida.com.br\/home\/index.php?rest_route=\/wp\/v2\/users\/2"}],"replies":[{"embeddable":true,"href":"https:\/\/missoesgracaevida.com.br\/home\/index.php?rest_route=%2Fwp%2Fv2%2Fcomments&post=496"}],"version-history":[{"count":7,"href":"https:\/\/missoesgracaevida.com.br\/home\/index.php?rest_route=\/wp\/v2\/pages\/496\/revisions"}],"predecessor-version":[{"id":508,"href":"https:\/\/missoesgracaevida.com.br\/home\/index.php?rest_route=\/wp\/v2\/pages\/496\/revisions\/508"}],"wp:attachment":[{"href":"https:\/\/missoesgracaevida.com.br\/home\/index.php?rest_route=%2Fwp%2Fv2%2Fmedia&parent=496"}],"curies":[{"name":"wp","href":"https:\/\/api.w.org\/{rel}","templated":true}]}}