{"id":19,"date":"2018-03-26T23:14:23","date_gmt":"2018-03-26T23:14:23","guid":{"rendered":"http:\/\/missoesgracaevida.com.br\/home\/?page_id=19"},"modified":"2022-05-25T14:06:50","modified_gmt":"2022-05-25T17:06:50","slug":"sobre-nos","status":"publish","type":"page","link":"https:\/\/missoesgracaevida.com.br\/home\/?page_id=19","title":{"rendered":"SOBRE N\u00d3S"},"content":{"rendered":"<p><strong>Miss\u00f5es Gra\u00e7a &amp; Vida &#8211; Hist\u00f3ria<\/strong><\/p>\n<p>Em janeiro de 2000, no bairro de Porto Canoa, na cidade de Serra &#8211; ES, o ent\u00e3o evangelista Herderson Jeovany da Silva, com a chama mission\u00e1ria em seu cora\u00e7\u00e3o e com a b\u00ean\u00e7\u00e3o de seu ent\u00e3o pastor, Enoque Bispo Carneiro, criou a SEMADMPC (Secretaria de Miss\u00f5es da Assembleia de Deus Minist\u00e9rio de Porto Canoa). O primeiro casal de mission\u00e1rios que esta manteve no campo mission\u00e1rio, fora o casal Cristiano e Fernanda, na cidade de Picos, no sert\u00e3o do Piau\u00ed.<\/p>\n<p>J\u00e1 no ano de 2002, o ent\u00e3o evangelista Edmilson Alvarenga, tornou a mesma mais equipada e expandiu os trabalhos e a equipe mission\u00e1ria.<\/p>\n<p>A partir de 2005, o Pb. Almir da Silva Gomes assume a dire\u00e7\u00e3o da mesma e promove mais um grande avan\u00e7o da SEMADMPC, preparando e enviando o primeiro casal de mission\u00e1rios (Jurandir e Mara) &#8220;<em>formado&#8221;<\/em> por esta institui\u00e7\u00e3o, enviando-os ao Vale do Jequitinhonha\/MG. Tamb\u00e9m adotando e enviando outros mission\u00e1rios para diversas regi\u00f5es carentes do Brasil e exterior.<\/p>\n<p>J\u00e1 em 2007, com o pastor Alcimar Prates Costa assumindo a presid\u00eancia da igreja e minist\u00e9rio local, numa decis\u00e3o estrat\u00e9gica, quando o mesmo tamb\u00e9m acumulou a fun\u00e7\u00e3o de presidente da SEMADPMC, transformou a SEMADMPC na &#8220;Miss\u00f5es Gra\u00e7a e Vida&#8221;, tornando-a independente, possibilitando a parceria com outras igrejas e pessoas interessadas em cumprir o &#8220;Ide do Senhor&#8221;, somando for\u00e7as para levar ao mundo a mensagem do evangelho.<\/p>\n<p>Hoje, v\u00e1rias lideran\u00e7as j\u00e1 passaram e contribuem \u00e0 frente das Miss\u00f5es Gra\u00e7a e Vida, como diversos membros em sua diretoria, que trabalham voluntariamente nas atividades da mesma.<\/p>\n<p>A Miss\u00f5es Gra\u00e7a e Vida:<\/p>\n<ul>\n<li>Hoje conta com igreja parceiras e colaboradores que contribuem, e muito, para a manuten\u00e7\u00e3o e envio dos mission\u00e1rios;<\/li>\n<li>J\u00e1 formou mais de 100 mission\u00e1rios no curso Forma\u00e7\u00e3o em Missiologia;<\/li>\n<li>\u00c9 filiada \u00e0 SENAMI (Secretaria Nacional de Miss\u00f5es), \u00f3rg\u00e3o da Conven\u00e7\u00e3o Geral, sob o registro n\u00ba 00141;<\/li>\n<li>Mant\u00e9m mais de 15 projetos no Brasil e exterior;<\/li>\n<li>Atua nas miss\u00f5es urbanas e transculturais;<\/li>\n<li>Coopera e ministra simp\u00f3sios, encontros, semin\u00e1rios, gincanas, congressos e confer\u00eancias mission\u00e1rias;<\/li>\n<li>Promove durante todo ano diversas viagens mission\u00e1rias, destacando-se o Projeto Natal Mission\u00e1rio, e apoios log\u00edstico e material a igrejas coirm\u00e3s, a fim de juntos, cumprirmos a ordem impl\u00edcita de Nosso Senhor&#8230; de ganharmos almas!<\/li>\n<\/ul>\n<blockquote>\n<p style=\"text-align: right;\">Pr. Alcimar Prates Costa<br \/>\nPresidente das Assembleias de Deus Minist\u00e9rio Gra\u00e7a &amp; Vida<\/p>\n<\/blockquote>\n","protected":false},"excerpt":{"rendered":"<p>Miss\u00f5es Gra\u00e7a &amp; Vida &#8211; Hist\u00f3ria Em janeiro de 2000, no bairro de Porto Canoa, na cidade de Serra &#8211; ES, o ent\u00e3o evangelista Herderson Jeovany da Silva, com a&hellip;<\/p>\n","protected":false},"author":1,"featured_media":0,"parent":0,"menu_order":0,"comment_status":"closed","ping_status":"closed","template":"","meta":[],"_links":{"self":[{"href":"https:\/\/missoesgracaevida.com.br\/home\/index.php?rest_route=\/wp\/v2\/pages\/19"}],"collection":[{"href":"https:\/\/missoesgracaevida.com.br\/home\/index.php?rest_route=\/wp\/v2\/pages"}],"about":[{"href":"https:\/\/missoesgracaevida.com.br\/home\/index.php?rest_route=\/wp\/v2\/types\/page"}],"author":[{"embeddable":true,"href":"https:\/\/missoesgracaevida.com.br\/home\/index.php?rest_route=\/wp\/v2\/users\/1"}],"replies":[{"embeddable":true,"href":"https:\/\/missoesgracaevida.com.br\/home\/index.php?rest_route=%2Fwp%2Fv2%2Fcomments&post=19"}],"version-history":[{"count":17,"href":"https:\/\/missoesgracaevida.com.br\/home\/index.php?rest_route=\/wp\/v2\/pages\/19\/revisions"}],"predecessor-version":[{"id":2308,"href":"https:\/\/missoesgracaevida.com.br\/home\/index.php?rest_route=\/wp\/v2\/pages\/19\/revisions\/2308"}],"wp:attachment":[{"href":"https:\/\/missoesgracaevida.com.br\/home\/index.php?rest_route=%2Fwp%2Fv2%2Fmedia&parent=19"}],"curies":[{"name":"wp","href":"https:\/\/api.w.org\/{rel}","templated":true}]}}

SOBRE NÓS

<p><strong>Missões Graça &amp; Vida &#8211; História</strong></p>
<p>Em janeiro de 2000, no bairro de Porto Canoa, na cidade de Serra &#8211; ES, o então evangelista Herderson Jeovany da Silva, com a chama missionária em seu coração e com a bênção de seu então pastor, Enoque Bispo Carneiro, criou a SEMADMPC (Secretaria de Missões da Assembleia de Deus Ministério de Porto Canoa). O primeiro casal de missionários que esta manteve no campo missionário, fora o casal Cristiano e Fernanda, na cidade de Picos, no sertão do Piauí.</p>
<p>Já no ano de 2002, o então evangelista Edmilson Alvarenga, tornou a mesma mais equipada e expandiu os trabalhos e a equipe missionária.</p>
<p>A partir de 2005, o Pb. Almir da Silva Gomes assume a direção da mesma e promove mais um grande avanço da SEMADMPC, preparando e enviando o primeiro casal de missionários (Jurandir e Mara) &#8220;<em>formado&#8221;</em> por esta instituição, enviando-os ao Vale do Jequitinhonha/MG. Também adotando e enviando outros missionários para diversas regiões carentes do Brasil e exterior.</p>
<p>Já em 2007, com o pastor Alcimar Prates Costa assumindo a presidência da igreja e ministério local, numa decisão estratégica, quando o mesmo também acumulou a função de presidente da SEMADPMC, transformou a SEMADMPC na &#8220;Missões Graça e Vida&#8221;, tornando-a independente, possibilitando a parceria com outras igrejas e pessoas interessadas em cumprir o &#8220;Ide do Senhor&#8221;, somando forças para levar ao mundo a mensagem do evangelho.</p>
<p>Hoje, várias lideranças já passaram e contribuem à frente das Missões Graça e Vida, como diversos membros em sua diretoria, que trabalham voluntariamente nas atividades da mesma.</p>
<p>A Missões Graça e Vida:</p>
<ul>
<li>Hoje conta com igreja parceiras e colaboradores que contribuem, e muito, para a manutenção e envio dos missionários;</li>
<li>Já formou mais de 100 missionários no curso Formação em Missiologia;</li>
<li>É filiada à SENAMI (Secretaria Nacional de Missões), órgão da Convenção Geral, sob o registro nº 00141;</li>
<li>Mantém mais de 15 projetos no Brasil e exterior;</li>
<li>Atua nas missões urbanas e transculturais;</li>
<li>Coopera e ministra simpósios, encontros, seminários, gincanas, congressos e conferências missionárias;</li>
<li>Promove durante todo ano diversas viagens missionárias, destacando-se o Projeto Natal Missionário, e apoios logístico e material a igrejas coirmãs, a fim de juntos, cumprirmos a ordem implícita de Nosso Senhor&#8230; de ganharmos almas!</li>
</ul>
<blockquote>
<p style="text-align: right;">Pr. Alcimar Prates Costa<br />
Presidente das Assembleias de Deus Ministério Graça &amp; Vida</p>
</blockquote>

<p>Missões Graça &amp; Vida &#8211; História Em janeiro de 2000, no bairro de Porto Canoa, na cidade de Serra &#8211; ES, o então evangelista Herderson Jeovany da Silva, com a&hellip;</p>
